f 326?
2
What is the thousands digit of 1793?
1
What is the thousands digit of 80813?
0
What is the thousands digit of 96808?
6
What is the tens digit of 51962?
6
What is the units digit of 61794?
4
What is the hundreds digit of 2135?
1
What is the tens digit of 472?
7
What is the thousands digit of 2338?
2
What is the tens digit of 624?
2
What is the units digit of 1518?
8
What is the hundreds digit of 15389?
3
What is the thousands digit of 14873?
4
What is the tens digit of 41562?
6
What is the thousands digit of 11938?
1
What is the tens digit of 42682?
8
What is the ten thousands digit of 20185?
2
What is the hundreds digit of 47158?
1
What is the units digit of 105890?
0
What is the tens digit of 14?
1
What is the hundreds digit of 8904?
9
What is the units digit of 7536?
6
What is the tens digit of 4620?
2
What is the units digit of 3447?
7
What is the units digit of 9687?
7
What is the units digit of 688?
8
What is the tens digit of 538?
3
What is the thousands digit of 1473?
1
What is the units digit of 70303?
3
What is the hundreds digit of 3396?
3
What is the ten thousands digit of 89440?
8
What is the units digit of 26802?
2
What is the units digit of 75928?
8
What is the units digit of 7664?
4
What is the hundreds digit of 10944?
9
What is the ten thousands digit of 121388?
2
What is the tens digit of 213?
1
What is the tens digit of 42294?
9
What is the hundreds digit of 1008?
0
What is the tens digit of 24475?
7
What is the tens digit of 897?
9
What is the units digit of 7739?
9
What is the units digit of 2666?
6
What is the units digit of 1?
1
What is the units digit of 78642?
2
What is the hundreds digit of 993?
9
What is the hundreds digit of 20247?
2
What is the hundreds digit of 7719?
7
What is the thousands digit of 1817?
1
What is the hundreds digit of 1111?
1
What is the units digit of 30844?
4
What is the tens digit of 686?
8
What is the units digit of 9875?
5
What is the hundreds digit of 1044?
0
What is the units digit of 72855?
5
What is the thousands digit of 1161?
1
What is the thousands digit of 12313?
2
What is the ten thousands digit of 47540?
4
What is the units digit of 50853?
3
What is the units digit of 40359?
9
What is the tens digit of 536?
3
What is the units digit of 46739?
9
What is the thousands digit of 26353?
6
What is the units digit of 497?
7
What is the tens digit of 633?
3
What is the units digit of 1740?
0
What is the units digit of 697?
7
What is the ten thousands digit of 11194?
1
What is the thousands digit of 15124?
5
What is the hundreds digit of 3079?
0
What is the tens digit of 2973?
7
What is the hundreds digit of 1706?
7
What is the thousands digit of 8903?
8
What is the units digit of 4388?
8
What is the hundreds digit of 1297?
2
What is the thousands digit of 30858?
0
What is the tens digit of 831?
3
What is the hundreds digit of 2283?
2
What is the ten thousands digit of 76851?
7
What is the hundreds digit of 6734?
7
What is the units digit of 157539?
9
What is the hundreds digit of 2685?
6
What is the tens digit of 213?
1
What is the tens digit of 2655?
5
What is the units digit of 47569?
9
What is the hundreds digit of 1280?
2
What is the hundreds digit of 18305?
3
What is the ten thousands digit of 78072?
7
What is the tens digit of 101?
0
What is the units digit of 30?
0
What is the hundreds digit of 186?
1
What is the hundreds digit of 427?
4
What is the thousands digit of 1808?
1
What is the hundreds digit of 73870?
8
What is the units digit of 211?
1
What is the thousands digit of 40128?
0
What is the thousands digit of 8922?
8
What is the tens digit of 673?
7
What is the thousands digit of 6829?
6
What is the tens digit of 157267?
6
What is the tens digit of 9684?
8
What is the thousands digit of 3206?
3
What is the units digit of 908?
8
What is the hundreds digit of 29603?
6
What is the units digit of 61821?
1
What is the units digit of 2539?
9
What is the tens digit of 2994?
9
What is the hundreds digit of 17647?
6
What is the hundreds digit of 812?
8
What is the tens digit of 271?
7
What is the units digit of 382?
2
What is the units digit of 24686?
6
What is the ten thousands digit of 50728?
5
What is the tens digit of 280?
8
What is the tens digit of 12758?
5
What is the thousands digit of 1095?
1
What is the tens digit of 848?
4
What is the hundreds digit of 16449?
4
What is the hundreds digit of 2550?
5
What is the hundreds digit of 917?
9
What is the hundreds digit of 689?
6
What is the units digit of 257?
7
What is the units digit of 1214?
4
What is the hundreds digit of 142?
1
What is the tens digit of 1379?
7
What is the thousands digit of 2246?
2
What is the tens digit of 21431?
3
What is the hundreds digit of 33050?
0
What is the hundred thousands digit of 102397?
1
What is the hundreds digit of 5852?
8
What is the hundreds digit of 4843?
8
What is the ten thousands digit of 157334?
5
What is the ten thousands digit of 15295?
1
What is the units digit of 9390?
0
What is the thousands digit of 4829?
4
What is the thousands digit of 13613?
3
What is the hundreds digit of 145138?
1
What is the units digit of 4711?
1
What is the hundreds digit of 10339?
3
What is the units digit of 698?
8
What is the hundreds digit of 7628?
6
What is the hundreds digit of 681?
6
What is the units digit of 2208?
8
What is the tens digit of 1276?
7
What is the tens digit of 855?
5
What is the ten thousands digit of 65251?
6
What is the thousands digit of 4971?
4
What is the tens digit of 824?
2
What is the tens digit of 25889?
8
What is the tens digit of 1246?
4
What is the tens digit of 17399?
9
What is the thousands digit of 32296?
2
What is the tens digit of 967?
6
What is the tens digit of 505?
0
What is the thousands digit of 15315?
5
What is the ten thousands digit of 21273?
2
What is the thousands digit of 9716?
9
What is the units digit of 2845?
5
What is the units digit of 981?
1
What is the tens digit of 786?
8
What is the units digit of 3500?
0
What is the units digit of 73394?
4
What is the tens digit of 1358?
5
What is the tens digit of 1193?
9
What is the thousands digit of 64155?
4
What is the hundreds digit of 24585?
5
What is the units digit of 7934?
4
What is the units digit of 416?
6
What is the thousands digit of 33363?
3
What is the hundreds digit of 40119?
1
What is the units digit of 1011?
1
What is the units digit of 2064?
4
What is the hundreds digit of 741?
7
What is the hundreds digit of 20788?
7
What is the tens digit of 3049?
4
What is the tens digit of 10362?
6
What is the hundreds digit of 32411?
4
What is the hundreds digit of 37733?
7
What is the hundreds digit of 2435?
4
What is the thousands digit of 48910?
8
What is the hundreds digit of 8190?
1
What is the hundreds digit of 55121?
1
What is the units digit of 2138?
8
What is the tens digit of 22591?
9
What is the tens digit of 18953?
5
What is the tens digit of 450?
5
What is the units digit of 2591?
1
What is the tens digit of 17359?
5
What is the units digit of 44255?
5
What is the ten thousands digit of 55486?
5
What is the tens digit of 2354?
5
What is the ten thousands digit of 75201?
7
What is the ten thousands digit of 46472?
4
What is the units digit of 1001?
1
What is the thousands digit of 10531?
0
What is the tens digit of 1198?
9
What is the ten thousands digit of 82357?
8
What is the tens digit of 1503?
0
What is the units digit of 684?
4
What is the units digit of 106?
6
What is the tens digit of 461?
6
What is the units digit of 3012?
2
What is the units digit of 2491?
1
What is the hundreds digit of 10264?
2
What is the thousands digit of 19005?
9
What is the hundreds digit of 886?
8
What is the tens digit of 377?
7
What is the hundreds digit of 4443?
4
What is the units digit of 2228?
8
What is the thousands digit of 1776?
1
What is the thousands digit of 19178?
9
What is the thousands digit of 2214?
2
What is the thousands digit of 35764?
5
What is the tens digit of 29626?
2
What is the hundreds digit of 144?
1
What is the units digit of 57199?
9
What is the tens digit of 176?
7
What is the tens digit of 35401?
0
What is the units digit of 311?
1
What is the tens digit of 62155?
5
What is the units digit of 7104?
4
What is the tens digit of 2333?
3
What is the ten thousands di